x - 3402943. Give u(626).
-7
Let h(f) = -f**3 + 181*f**2 - 2435*f + 371799. Calculate h(179).
16
Let w(h) = -16*h**2 + 1808*h + 7502. Calculate w(117).
14
Let b(m) = 47*m**2 + 481*m + 537. What is b(-6)?
-657
Let d(x) = -34*x**2 + 64*x + 305. Give d(9).
-1873
Let l(h) = -21*h - 213. Determine l(1).
-234
Let w(j) = 6344*j - 44429. Determine w(7).
-21
Let q(l) = 11*l**2 - 91*l - 209. Determine q(-3).
163
Let f(u) = 106*u**3 - 39*u**2 - 73*u - 1. Determine f(-2).
-859
Let s(r) = -r**2 - 4948*r + 371670. Give s(74).
42
Let z(u) = -u**3 - 51*u**2 + 23*u + 1345. Determine z(-50).
-2305
Let h(q) = -10*q**2 - 120*q + 287. Determine h(-14).
7
Let b(r) = -r**2 - 9387*r - 28139. Give b(-3).
13
Let v(d) = -16*d**3 + 1422*d**2 + 182*d - 329. Determine v(89).
27
Let p(h) = 5*h**2 + 1796*h + 12756. Calculate p(-7).
429
Let t(q) = -1590*q - 15873. Give t(-10).
27
Let m(z) = 519*z - 6194. What is m(12)?
34
Let n(m) = 27*m**2 - 26204*m - 38865. Calculate n(972).
15
Let w(m) = -153*m**2 - 823*m + 8. Give w(-6).
-562
Let r(x) = 2*x**3 + 37*x**2 + 29*x + 240. Give r(-18).
42
Let b(l) = 135*l + 6011. Calculate b(-44).
71
Let d(h) = -928*h**2 + 77030*h - 447. Determine d(83).
51
Let d(v) = 524*v + 11682. Determine d(-28).
-2990
Let i(p) = -1713*p - 21874. What is i(-12)?
-1318
Let p(z) = -3*z**2 + 19525*z - 175514. Give p(9).
-32
Let s(z) = -1387*z + 56870. Give s(41).
3
Let q(i) = i**3 + 119*i**2 - 2591*i + 1408. Calculate q(-138).
-2870
Let v(j) = -j**2 + 22194*j - 354889. Give v(16).
-41
Let t(g) = -96*g**2 + 26396*g + 1194. Calculate t(275).
94
Let i(z) = 10*z**2 - 1339*z - 138. What is i(134)?
-4
Let t(r) = -3*r**3 - 56*r**2 - 26*r + 130. Give t(-19).
985
Let i(c) = 45*c + 5628. What is i(-125)?
3
Let x(l) = l**3 - 378*l**2 + 5809*l - 6135. Determine x(362).
19
Let a(b) = 10*b**3 + 48*b**2 + 385*b + 1835. What is a(-5)?
-140
Let u(d) = 10737*d - 279169. Determine u(26).
-7
Let c(t) = 494*t - 11401. What is c(21)?
-1027
Let q(n) = n**3 - 653*n**2 - 1972*n - 2. Calculate q(-3).
10
Let z(h) = h**2 - 6815*h + 61269. Determine z(9).
15
Let t(m) = 3*m**2 + 529*m + 15510. Give t(-139).
-58
Let y(v) = 114*v**2 + 61*v - 69729. Calculate y(-25).
-4
Let l(i) = -i**2 + 202*i + 1250. Calculate l(-6).
2
Let h(w) = -888*w - 7998. What is h(-9)?
-6
Let i(f) = 2*f**3 - 2818*f**2 + 38855*f + 2874. What is i(14)?
4
Let q(k) = 368*k**2 - 6911*k - 1570. Determine q(19).
-31
Let q(h) = 509*h + 323221. Calculate q(-635).
6
Let i(j) = j**2 + 494*j - 3477. Calculate i(7).
30
Let n(z) = -z**2 + 79*z + 501812. Determine n(-670).
-18
Let x(h) = h**3 + 7*h**2 - 95*h + 432. Determine x(8).
632
Let b(t) = 55008*t - 770111. What is b(14)?
1
Let k(z) = -3*z**3 - 259*z**2 + 6262*z + 213. Give k(-106).
-635
Let w(t) = 53*t - 463. Give w(-18).
-1417
Let u(r) = 662*r - 2679. Give u(4).
-31
Let q(w) = -w**3 - 27*w**2 + 349*w + 3419. Determine q(-7).
-4
Let o(v) = 70456*v + 2606878. Determine o(-37).
6
Let z(b) = -11*b**2 + 2221*b - 2161. Calculate z(201).
-151
Let c(m) = 3448*m**2 - 541325*m - 1731. Give c(157).
-4
Let d(b) = -6*b**2 - 1267*b + 2345. Determine d(-213).
2
Let a(l) = -l**3 - 396*l**2 + 7018*l + 44. What is a(17)?
-7
Let n(l) = -147*l**3 - 13378*l**2 - 90*l + 83. Give n(-91).
-8
Let o(q) = q**2 - 607*q + 9535. Give o(16).
79
Let v(r) = -75150*r + 1277474. What is v(17)?
-76
Let w(v) = v**3 - 31*v**2 + 604*v - 1980. What is w(4)?
4
Let n(y) = -297368*y + 5947367. What is n(20)?
7
Let p(m) = -2380557*m - 9522214. Determine p(-4).
14
Let r(m) = m**3 + 139*m**2 + 850*m + 249402. Determine r(-145).
2
Let n(g) = -683191*g + 21862103. Calculate n(32).
-9
Let p(h) = 3953*h - 336042. Give p(85).
-37
Let c(q) = 3589*q - 78916. Give c(22).
42
Let p(o) = -o**3 - 105*o**2 - 1755*o + 32. Calculate p(-21).
-157
Let b(w) = w**3 + 302*w**2 + 8626*w - 446. Determine b(-32).
2
Let a(m) = -78*m + 7446. Determine a(91).
348
Let b(q) = -3291*q - 210615. Determine b(-64).
9
Let b(f) = 3855*f + 11607. Give b(-3).
42
Let i(l) = 4*l**3 - 19*l**2 - 78*l - 69. Determine i(-4).
-317
Let s(b) = -51*b + 2036. Determine s(44).
-208
Let s(q) = -2*q**3 + 236*q**2 - 1758*q - 242. What is s(110)?
-22
Let v(g) = 8*g**3 - 120*g**2 - 16*g - 196. Calculate v(15).
-436
Let z(b) = 5*b**2 + 75*b - 10999. Calculate z(-55).
1
Let s(z) = 143*z**2 - 1177*z + 100. Determine s(8).
-164
Let i(l) = 211*l - 14353. Give i(68).
-5
Let a(t) = -233*t - 21092. Give a(-89).
-355
Let p(i) = 337*i**2 + 35*i + 20. Determine p(-1).
322
Let i(y) = -473*y - 149080. Give i(-315).
-85
Let i(m) = 19*m**2 + 778*m + 209. Determine i(-40).
-511
Let s(t) = -8979*t + 3465904. Calculate s(386).
10
Let i(p) = -p**2 + 948*p - 80404. Determine i(94).
-128
Let z(a) = 139*a**2 - 1745*a - 180. Determine z(14).
2634
Let l(t) = t**2 + 63*t + 65. Determine l(-48).
-655
Let m(o) = -87108*o + 2613468. What is m(30)?
228
Let r(i) = -1289*i + 103124. Calculate r(80).
4
Let m(t) = 2*t**2 - 362*t + 16027. Determine m(105).
67
Let x(p) = -878287*p - 3513164. Give x(-4).
-16
Let n(a) = -96588*a + 579511. What is n(6)?
-17
Let l(r) = -r**3 + 122*r**2 + 510*r - 954. Determine l(126).
-198
Let i(v) = -v**2 + 2425*v - 28871. Determine i(12).
85
Let v(q) = -47*q + 2078. Give v(25).
903
Let l(a) = -a**2 - 28*a + 7672. Determine l(-102).
124
Let d(b) = -9*b**2 - 363*b + 4867. What is d(13)?
-1373
Let c(h) = h**2 - 403530*h - 8878107. What is c(-22)?
37
Let i(p) = 2*p**2 + 243*p - 83984. Calculate i(153).
13
Let v(u) = 587*u - 6522. Determine v(10).
-652
Let m(g) = g**3 - 5*g**2 - 527*g - 559. Determine m(26).
-65
Let x(o) = 2*o**3 - 68*o**2 + 325*o - 28. Determine x(6).
-94
Let j(v) = 1860*v - 12798. Calculate j(7).
222
Let b(r) = -38738*r - 309893. Determine b(-8).
11
Let x(n) = -2839577*n + 25556197. Calculate x(9).
4
Let f(r) = 272*r + 4746. What is f(-25)?
-2054
Let c(p) = 2*p**2 + 103690*p - 311076. Calculate c(3).
12
Let m(j) = -j**3 + 11*j**2 + 7*j - 564. Calculate m(0).
-564
Let h(r) = r**2 - 412*r + 12252. What is h(31)?
441
Let c(b) = 66*b - 2066. Give c(31).
-20
Let x(r) = -72*r**2 + 3710*r - 74. Determine x(52).
-1842
Let z(i) = -1362*i + 19061. Determine z(14).
-7
Let r(t) = t**3 - 272*t**2 - 23525*t - 1356. What is r(341)?
8
Let f(p) = -472*p - 12353. Calculate f(-26).
-81
Let w(r) = -15*r**3 + 26*r**2 - 103*r + 30. Give w(6).
-2892
Let p(q) = -q**2 - 96*q - 2092. Give p(-72).
-364
Let t(i) = 1047*i - 79563. Determine t(77).
1056
Let d(x) = -797*x - 38299. Calculate d(-48).
-43
Let s(p) = 2*p**3 + 208*p**2 - 1094*p - 172. What is s(-109)?
264
Let k(j) = -12*j**2 + 7495*j + 37461. What is k(-5)?
-314
Let u(v) = 30*v**2 - 11035*v - 1945. Determine u(368).
-105
Let a(i) = 82606*i + 991220. Determine a(-12).
-52
Let l(c) = -c**2 + 11180*c - 367712. Calculate l(33).
139
Let z(s) = 7791989*s + 70127904. Calculate z(-9).
3
Let z(m) = -1327*m + 628923. Determine z(474).
-75
Let a(g) = 13485*g + 377982. Determine a(-28).
402
Let k(g) = 45*g - 1522. What is k(33)?
-37
Let b(c) = -10*c**2 - 1942*c + 5506. What is b(-197)?
-10
Let d(c) = -126*c**3 - 2*c**2 + 14*c - 28. Give d(2).
-1016
Let r(z) = 2*z**2 + 377*z + 15978. What is r(-127)?
357
Let v(b) = -116*b - 9685. What is v(-89)?
639
Let k(t) = -28*t**2 - 3252*t + 81. Give k(-116).
545
Let a(k) = -81*k + 12865. What is a(129)?
2416
Let w(n) = 209*n + 4139. Calculate w(-6).
2885
Let l(m) = m**3 + 14*m**2 + 4322*m + 79075. Determine l(-18).
-17
Let s(x) = 3*x**3 - 3061*x**2 + 7127*x - 1006. Calculate s(1018).
12
Let o(p) = -2*p**3 - 859*p**2 - 5080*p + 2. Determine o(-6).
-10
Let y(q) = -2*q**2 + 145*q + 12125. Determine y(-46).
1223
Let u(y) = 21*y**2 + 1729*y + 16908. What is u(-71)?
10
Let a(x) = -840929*x - 17659537. Calculate a(-21).
-28
Let i(q) = -7726*q - 154111. What is i(-20)?
409
Let q(m) = 83*m**2 - 57*m - 156. Give q(-3).
762
Let z(n) = n**3 - 699*n**2 + 919*n - 154268. Give z(698).
-10
Let i(c) = -105*c - 3020. Give i(-29).
25
Let t(q) = q**3 + 59*q**2 + 2349*q + 132833. Calculate t(-58).
-45
Let g(m) = m**3 + 13*m**2 - 823*m - 4329. Give g(-5).
-14
Let b(n) = -267*n**3 - 169*n**2 + 169*n - 1. Calculate b(1).
-268
Let v(c) = -3*c**3 + 104*c**2 - 156*c + 96. Determine v(33).
393
Let d(f) = -3*f**2 - 2899*f - 14483. Determine d(-5).
-63
Let l(s) = -2*s**3 - 118*s**2 - 21*s - 1798. Calculate l(-59).
-559
Let g(y